 5*c - 3*n = 8. Suppose 7*l = c*l + 21. What is the units digit of l?
7
Suppose -3*w + 20 = -5*d + 9*d, 0 = -3*w - d + 14. What is the units digit of w?
4
Let y = 15 - 24. What is the units digit of (y/(-6))/(-3)*-18?
9
Let x = -2 + 2. Suppose x = 5*c - 22 - 13. What is the units digit of c?
7
Suppose 11 = -d + 27. Let g be (1 - (-6)/(-4))*-4. Suppose -6*x + d = -g*x. What is the units digit of x?
4
Suppose 0 = 3*z + 2*q - 174, -2*q = 2*q. What is the units digit of z?
8
Let x(u) = -u**3 + 4*u**2 + 7*u + 47 - 47. What is the tens digit of x(5)?
1
Let j be (-108)/(-14) - (-2)/7. Let q be 15/2*4/6. Suppose 0 = q*d - 7 - j. What is the units digit of d?
3
What is the units digit of (1 - (-3 + 2)) + (-2 - -118)?
8
Suppose y = -4*i + 3*y + 1106, -3*y = 2*i - 557. What is the hundreds digit of i?
2
Let q = -1 + 0. Let b be 12 + ((-1)/1)/q. What is the units digit of (-5)/(5/2) + b?
1
Suppose 6 = -3*o - q - 3*q, -5*q = 4*o + 7. Let t(g) = 4*g + 1. What is the units digit of t(o)?
9
What is the tens digit of -1 - (-31 + 3 + 2)?
2
Let q(k) = k**3 + 7*k**2 + 6*k. Let c be q(-6). Suppose -3*s + c*d - d = -6, 2 = 5*s - d. What is the units digit of (7 + s + -1)/1?
7
Suppose -2*t = -5*t + 72. Suppose g + s + 4*s = t, -3*s = -3*g. Suppose 0 = -2*m + m + g. What is the units digit of m?
4
Suppose q - 236 = -5*k + 94, 4*k + 3*q = 264. What is the tens digit of k?
6
Let h be (-2 - 16/(-10))*-400. Suppose -3*s + h = 2*s. What is the tens digit of s?
3
Suppose 0 = s + s + 4*n - 128, n = 2*s - 153. What is the tens digit of s?
7
Let b be ((-2)/4)/((-2)/32). What is the units digit of -1*b/(1 + -2)?
8
Let q = -9 + 20. Suppose q = 3*i - 4. What is the units digit of (i - -5)*8/10?
8
Let l = -6 + 20. Let s = l - -4. Suppose 2*u - s = -u. What is the units digit of u?
6
Let f = 1 + 1. Suppose 3*t + f*q = 21, 2*t + 5*q - 9 = 5. What is the units digit of t?
7
Suppose -2*v = -4*v + 82. What is the tens digit of v?
4
Let x be (-20)/(-2)*2/4. Suppose 2*f + 9 = x*f. Let y = 6 - f. What is the units digit of y?
3
Suppose 2*p - 726 = -190. What is the tens digit of p?
6
Suppose 2*x + 0*x = 2*y - 154, y = -x + 85. What is the units digit of y?
1
Suppose -2*w = -4*w + 4*s + 58, 3*s - 72 = -2*w. What is the units digit of w?
3
Suppose g - 2*t = 2, 3*t = -6*g + 5*g - 3. Suppose -3*d + 60 = -g*d. What is the tens digit of d?
2
Let r = -29 + 44. Let b = r - 11. Suppose 3*x = -b*k + 43, 0 = 4*x - 5*k - 37 - 10. What is the tens digit of x?
1
Let y(z) = -z**3 + 8*z**2 - 4*z - 9. Suppose -30 = -4*q - 2*c, 2*c + 5 = q + 2*q. Let x = 2 + q. What is the tens digit of y(x)?
1
Let v(d) = 2*d - 6. Let m(j) = -j. Let l(u) = -3*m(u) - v(u). Let x be l(-3). Suppose -2*c = -5*t + 3*c + 50, 4*t - 12 = -x*c. What is the units digit of t?
6
Let k(t) = 9*t + 5. What is the units digit of k(9)?
6
Suppose -h - 24 - 6 = 0. Let u = 4 - h. What is the tens digit of u?
3
Suppose 6*b = 3*b - 15, 5*r = -2*b + 35. What is the units digit of r?
9
What is the tens digit of 1 + (-2 - (-31 + -3))?
3
Suppose 0 = 3*m + m + 4. Let a be (-4)/m + 2 + -4. Suppose 2*l = a*i - 6*i - 6, 3*l - 5*i - 24 = 0. What is the units digit of l?
3
Let d = -239 + 521. What is the units digit of d?
2
Let p be (-14)/(-21) + (-80)/(-6). Suppose t - p + 4 = 0. Suppose -3*i + t = -2*c + 28, -3*i + 18 = 2*c. What is the units digit of c?
9
Let k(l) = -2 - 2*l**2 + 24*l + l**2 - 30*l. What is the units digit of k(-5)?
3
Suppose 4*q + 39 - 183 = 0. What is the units digit of q?
6
Let c = 8 + -4. Suppose s = -c*s + 35. What is the units digit of s?
7
Suppose 4*d + 0*d + 16 = 0. What is the units digit of d/(0 - (-3)/(-6))?
8
Suppose -3*h + 2*h = 2. What is the tens digit of (h - (-5 - -2))*15?
1
Suppose 26 = -10*o + 11*o. What is the units digit of o?
6
Suppose -w = -a + 14, 0 = 4*a + 2*w - 28 + 2. Suppose -2*y = y - a. Let p(b) = 4*b - 3. What is the units digit of p(y)?
9
Let s = -18 - -27. What is the units digit of s?
9
What is the hundreds digit of ((-3)/(-2))/(27/18) + 224?
2
Let x(u) = -u**2 - 3*u - 1. Let i be x(-3). Let w be (-36)/(-8) + i/2. What is the units digit of 6/4*(w + 0)?
6
Let t(k) = -4*k - 3. Let u be t(3). Let q = 30 + u. What is the tens digit of q?
1
Suppose 612 = 4*s + 2*r - 156, 3*r - 958 = -5*s. What is the units digit of s?
4
Let j(h) = -h**3 - 5*h**2 + 9*h + 7. Let f(q) = -q**2 + 1. Let l(d) = 2*f(d) + j(d). What is the units digit of l(-8)?
1
Suppose -9*b + 120 = -13*b. Let k(g) = -2*g**2 - 2*g + 2. Let r be k(-2). What is the units digit of r/((-3)/(b/(-4)))?
5
Suppose 44 = -3*w + 2*f, 5*w + 80 = -0*f + 2*f. Let b = 38 + w. What is the tens digit of b?
2
Let g(j) be the second derivative of j**4/2 + j**3/3 + j**2/2 + 3*j. Let p be g(-1). Suppose -5*o - 3*y + 38 = -31, -o - p*y = -5. What is the tens digit of o?
1
Suppose -6 = p + 4*z - 24, 0 = 3*p - 3*z + 6. What is the units digit of p?
2
Suppose -2 = -l + 4. Suppose -3*j + d = -1 + 4, -j = 2*d - 6. Suppose j = l*f - f - 10. What is the units digit of f?
2
Let r(u) = -5*u + 1. Let q be r(2). Let t be ((-21)/q - 3)*-9. What is the units digit of (-2 - (-33)/t)*2?
7
Suppose -4 = -3*c - 10. What is the units digit of -22*c/(12/3)?
1
Let z(f) = 23*f**2 + 6*f + 6. What is the units digit of z(-1)?
3
Suppose -2*m - i + 30 = -4*i, -2*i - 4 = 0. Let n(k) = -1 - m*k - 1 + 13*k. What is the units digit of n(11)?
9
Let x = 5 - 7. What is the units digit of (1/1)/(x/(-24))?
2
Let s = 261 + -151. What is the tens digit of s?
1
Suppose -5*n - 23 = -3. What is the units digit of 12/(-9)*6/n?
2
Let y be (4/3)/(2/3). Let f be (1 + -1)*(-1)/y. Let i = 3 + f. What is the units digit of i?
3
What is the tens digit of ((-46)/(-5))/(5/25)?
4
Let g = 107 - 73. What is the units digit of g?
4
Suppose 2*m + 4 + 12 = 0. Let l be m/(-32) - (-58)/(-8). Let h = -2 - l. What is the units digit of h?
5
Let c(p) be the second derivative of 2/3*p**4 - 4*p**2 - 5/6*p**3 + 0 + 3*p - 1/20*p**5. What is the units digit of c(7)?
6
Suppose 0 = -m - 0*m. Suppose m = -5*o + 26 + 69. What is the units digit of o?
9
Suppose 4*n - 3*n - 331 = 0. Suppose -5*j + n = 101. Suppose -14 = 4*k - j. What is the units digit of k?
8
Let w(u) = -u - 1. Let r be w(-4). Suppose 3*m = -b - b - 18, r*b - 2*m = -1. Let h(i) = -4*i - 3. What is the units digit of h(b)?
9
Suppose -2*y + 3*y - 22 = 0. What is the tens digit of y?
2
Suppose -3*f = -5*g - 31, 25 = -4*g - g. Suppose k = 3*o - 8 - 1, 0 = -5*k + f*o + 7. Suppose 0 = -l + k - 0. What is the units digit of l?
3
What is the tens digit of (2 + -358)*(-16)/32?
7
Let h be ((-9)/2)/((-2)/(-4)). Let m = 30 + h. Suppose m = 2*t + t. What is the units digit of t?
7
Let y be (-12)/6 - (2 - 1). What is the tens digit of (-1)/y*(-456)/(-8)?
1
Let q = 69 - 67. What is the units digit of q?
2
Suppose 4*t - 44 = -0*t. What is the units digit of t?
1
Let o = -3 + -1. What is the tens digit of (-38)/o + 2/4?
1
Suppose 4*i - 217 = -1. What is the units digit of i?
4
Let j be ((-6)/10)/((-1)/(-5)). Let l = 24 + -15. Let h = j + l. What is the units digit of h?
6
Let q(h) = 2*h**2 - 2*h - 6. Let z be q(7). Let j = z - 35. What is the units digit of j?
3
Suppose 0 = -2*o - 2*o, o = -3*h + 9. Suppose -3*y - 2*y - 10 = 0, -120 = -h*j - 3*y. What is the units digit of j?
2
Suppose -766 = -4*s - 10. What is the tens digit of s?
8
Suppose -b = -5 - 0. Suppose 5*y + 11 = b*w - 9, y = 4*w - 13. What is the units digit of w?
3
Suppose 5*j = -q - 45, 3*q = 5*q. Suppose 90 = 7*v - 2*v. Let o = v + j. What is the units digit of o?
9
Suppose 2*f + 3*f + 5*s - 475 = 0, 5*s = 2*f - 155. What is the units digit of f?
0
Let r(d) = d + 10. Let a be r(-5). Suppose 4 = -a*m + 39. What is the units digit of m?
7
Let l = 12 + -9. Suppose 144 - 15 = l*i. What is the units digit of i?
3
Let g(j) = j**2 - j - 1. Let q be g(1). What is the tens digit of 0/3 + (q - -11)?
1
Let m(r) = -r**3 + 8*r**2 - 3*r - 9. What is the tens digit of m(5)?
5
Let o(w) = w**3 - w + 9. Suppose 0 = 2*v - 6, 3*m + 4*v - 5 - 7 = 0. What is the units digit of o(m)?
9
Let x = 45 + -27. What is the tens digit of x?
1
Let g(r) = r**3 - 6*r**2 - 2*r + 8. Let f be g(6). Let m be (-5 - f)*(-38)/(-2). Let a = m - -37. What is the tens digit of a?
1
Suppose t - 2 = 4. What is the units digit of t/(-4)*(-12)/9?
2
Let h = -8 + 10.